976. Let f be h(39). Let n(x) = -3*x**2 - 37*x + 20. Calculate n(f).
-6
Let r(k) be the third derivative of -k**7/2520 + 19*k**6/720 + k**5/15 + 5*k**4/12 + 304*k**2. Let b(x) be the third derivative of r(x). Give b(11).
-3
Let b(m) = 12*m**2 - 11*m + m**3 - 6*m - 2*m + 5*m. Suppose -c - 8 = l, -c - 5*l = -3*c - 51. What is b(c)?
13
Let t(z) be the first derivative of -z**2 + 7*z - 1. Let h(g) = g**3 + 11*g**2 - 23*g - 259. Let n be h(-11). What is t(n)?
19
Let w(f) = 2*f**3 + 11*f**2 - f + 3. Suppose 57*r = 3*n + 60*r + 12, 3*r - 6 = 0. Calculate w(n).
-27
Let g be (7 + 3)*(-4)/8. Let y(i) = 3*i**3 - 22*i**2 - 6*i - 15. Let f(v) = 2*v**3 - 12*v**2 - 3*v - 8. Let l(z) = g*f(z) + 3*y(z). Calculate l(-6).
13
Suppose s = -3*g + 1235, -3*s - 6*g + 2*g = -3705. Suppose -45 = 1226*p - s*p. Let f(n) = 2*n**2 - 6*n - 3. Calculate f(p).
17
Let n(b) = 8*b - 7. Suppose 0 = 3*z - i - 19 + 20, -2*i = -3*z + 1. Let k be (6 + z)*6/15. Determine n(k).
9
Let j(q) = -2*q**2 - 42*q + 17. Let i(r) = -1031*r - 4146. Let a be i(-4). What is j(a)?
-27
Suppose 3*f = 5*f. Let w(g) = g**2 - 6*g - 97 + 92 + 7*g. Let b be w(f). Let j(z) = -z - 3. Calculate j(b).
2
Let w(x) be the second derivative of -x**4/12 - 29*x**3/6 + 33*x**2/2 - 6760*x. Give w(-30).
3
Let v(u) = 13*u - 3. Let a(p) = 6*p - 2. Let k(m) = -5*a(m) + 2*v(m). Let i be -6 - 142*(-6)/3. Let x = i - 274. Give k(x).
-12
Let p(g) = 4*g + 4. Let w(r) be the first derivative of -2*r**2 - 5*r - 60. Let i(h) = -2*p(h) - 3*w(h). Determine i(-5).
-13
Suppose 0 = p - 50 + 47. Let i(a) = p*a - 15*a + 14214 - 14213. Give i(2).
-23
Let w(c) = 12*c**3 - 3*c**2 + 5*c - 45. Let z(i) = 19*i**3 - 5*i**2 + 8*i - 68. Let r(q) = -8*w(q) + 5*z(q). Let k be (-1 + 1)/(-1 + -3 + 5). What is r(k)?
20
Let y(p) = 1822 + 5*p - 3557 + 1821 + p + 14*p + p**2. Give y(-13).
-5
Let j(z) be the first derivative of 10/3*z**3 - 61 + 13*z - 1/4*z**4 - 6*z**2. Calculate j(9).
-14
Let v(u) = u**3 - 11*u**2 + 9*u + 8. Let s(l) = l**3 + 10*l**2 - 8*l + 35. Let q be s(-11). Suppose 0 = 7*o + q*o - 90. Determine v(o).
-2
Let p = -98 - -17. Let s = -79 - p. Let n(v) = 13*v**3 + 3*v**3 - 55*v**2 + 24*v**s + 32*v**2. Give n(1).
17
Let o(h) = 3*h - 31. Let v be 150/20 + (-7)/14. Determine o(v).
-10
Let r(d) = -4*d**3 - 9*d**2 + 14*d - 5. Let x(y) = -y**3 + y. Let t(w) = r(w) - 5*x(w). Suppose 0 = 68*z - 69*z + 8. Give t(z).
3
Let v(r) = -28*r + 166. Let c be v(6). Let j(u) = u**3 + 5*u**2 + 5*u + 2. Give j(c).
4
Let c(z) = -11*z + 112. Let y be c(8). Suppose 25*d + 1 = y*d. Let i(w) = -7*w - 1. What is i(d)?
6
Let n(q) = -10*q**2 + 44*q - 30. Let c(o) = 5*o**2 - 20*o + 13. Let y(f) = -13*c(f) - 6*n(f). Determine y(0).
11
Let s(o) = 3*o + 15. Suppose 27*h + 112*h + 493 + 1036 = 0. Determine s(h).
-18
Let t(i) = 14144*i**2 - 42*i + 23 + 14144*i**2 - 42429*i**2 - 5*i + 14145*i**2. What is t(11)?
-10
Let g(w) = -6*w**2 + 29*w - 17. Let z(t) = -8*t**2 + 38*t - 17. Let p(l) = 3*g(l) - 2*z(l). What is p(6)?
-23
Let w(z) = -60*z + 3. Let j(u) = -20*u + 1. Let i = -55 - -48. Let t(d) = i*j(d) + 2*w(d). Suppose 5 = 16*a - 11*a. Give t(a).
19
Let y = -2 + 7. Let u(l) be the second derivative of -3*l + 1/3*l**3 + 0 + 3*l**2. Determine u(y).
16
Let j(i) = 7*i + 21 + 20 - 63 + 19 - 7*i**2. Let w be 93/(-19) - 8/76. Let u(z) = -3*z**2 + 4*z - 2. Let t(h) = w*u(h) + 2*j(h). Determine t(4).
-4
Let u(f) = f + 4. Let j = -13 + 17. Suppose 0 = j*d + 2*c + 16, -2*d - 4 = -d - 2*c. What is u(d)?
0
Let l(m) = 104*m - 4468. Let j be l(43). Let a(i) = -15*i - 45. What is a(j)?
-105
Suppose 3*m - 4*m - 11 = 2*t, 4*m = -3*t - 29. Let z(f) = -5*f**2 + 6*f - 6. Let p(u) = -4*u**2 + 7*u - 4. Let g(s) = t*p(s) + 2*z(s). Determine g(5).
5
Let m be (-1 - 5/(-3)) + 476/42. Let t(v) = 6*v - 7 - 3*v**2 + 3*v**2 + m*v**2 - 11*v**2. Determine t(5).
48
Let l(y) = 3*y**2 - 68*y + 54. Let f(u) = -2*u**2 + 45*u - 41. Let t(q) = 7*f(q) + 5*l(q). Give t(26).
9
Let f(r) = 4*r**2 + 28*r + 2. Let v(s) = -s**3 + 35*s**2 - 30*s - 140. Let k be v(34). Calculate f(k).
-46
Let t(n) = n**3 - 6*n**2 + 2*n + 5. Let b be t(6). Let z(m) = -b*m + 2 + 17*m + m. Calculate z(-7).
-5
Let r(z) = -z**3 - 2*z**2 + 5*z + 4. Suppose 4*m + 3*t - 8 = 0, 3*m - 1 - 5 = t. Let w be (-88)/m*(-24)/32. Let p = w + -37. Give r(p).
16
Let z(u) = -u**3 - 13*u**2 + 31*u + 23. Let r be (-28 + 33)/(-3 + 40/15). Calculate z(r).
8
Let b(a) = -a**2 + 62*a + 488. Let m be b(69). Let n(f) = -2*f**2 + 3*f - 23. Give n(m).
-58
Let u(w) = w**2 + 7*w + 8. Let c be -1 + (-30)/(-4) + 24/(-48). Suppose 0 = c*r - r + 20. Let j be u(r). Let z(n) = -n**3 - 3*n**2 + 5*n + 6. Determine z(j).
2
Let v be (-12 + -7)/(3/6). Let k = 44 + v. Let c(f) = f - 1. Let x(i) = 5*i - 2. Let n(a) = 4*c(a) - x(a). Calculate n(k).
-8
Let j(y) be the first derivative of y**3/3 - 5*y**2 - 18*y + 1685. Calculate j(9).
-27
Let b(g) be the first derivative of g**4/4 - 7*g**3/3 - 15*g**2/2 - 24*g - 1481. Calculate b(9).
3
Let b(j) = 5 + 4*j - 5 + 1 + 5. Let i be -3 - -1*(-6 + 4). What is b(i)?
-14
Let l(k) be the third derivative of -k**6/120 - 2*k**5/15 - k**4/3 + k**3/6 - 230*k**2. Give l(-7).
8
Let b(c) = -5*c - 11. Let f be b(-4). Let i(s) = 5*s + 18. Calculate i(f).
63
Let o(d) be the second derivative of d**3/6 + 5*d**2/2 + 2*d. Suppose -m - 5 = w, -4*w = m - 11*w - 35. Calculate o(m).
5
Let s(g) = -5*g + 142. Let c(q) = 11*q - 140. Let u(o) = -3*c(o) - 4*s(o). What is u(-11)?
-5
Let c(f) = -26 - 7271*f + 5 + 7245*f. Calculate c(-1).
5
Suppose -93*l - 8 = -97*l. Let c(s) = 3 - s**2 - 6 + l*s**2 - 3*s**2 + s**2 + 6*s. Suppose 3*h = -2*f + 17, 4 = 2*h - 4*f - 2. What is c(h)?
2
Let y(v) = 7*v**2 + v. Let k(u) = 13*u**2 + 23*u - 8. Let g(l) = -k(l) + 2*y(l). Calculate g(20).
-12
Let u(d) be the first derivative of -11*d**4/4 + 4*d**3/3 - 4*d**2 + 4*d + 110. Let q be u(1). Let j(l) = -l**3 - 12*l**2 - 11*l - 15. Calculate j(q).
-15
Let u(j) = 723*j + 0 - 359*j - 4 - 362*j. Let c(q) = 2*q - 3. Let s be c(4). Let k(z) = z**3 - 5*z**2 - 2*z + 6. Let w be k(s). Determine u(w).
-12
Let b(y) = -11*y**2 + 23784*y**3 + 7*y**2 - 1 - 6*y - 23783*y**3. Calculate b(5).
-6
Let q be 45/(-10)*(-336)/216. Let f(c) = -7*c + 53. Determine f(q).
4
Let j(r) = r**2 + 16*r - 21. Suppose -2*z - 908 + 870 = 0. Determine j(z).
36
Let n(t) = 11*t**3 + 10*t**2 - 4*t - 3. Let b(w) = 39*w**3 + 32*w**2 - 13*w - 11. Let s(f) = -2*b(f) + 7*n(f). Give s(6).
-11
Suppose 0 = 5*i - 4*x + 34, 5*i + 0*i + 3*x + 62 = 0. Let k(g) = -3*g - 35. Calculate k(i).
-5
Let g(r) = r - 4. Let o = -121 + 85. Let y = o - -38. Suppose y*i + 8 = 4*i. What is g(i)?
0
Let f(u) be the first derivative of 3*u**5/20 + 31*u**3 + 91. Let r(m) be the third derivative of f(m). Calculate r(1).
18
Let o(b) = 2*b**2 + 2*b + 4. Let m(s) = -5*s**2 - 7*s - 13. Let v(r) = 3*m(r) + 8*o(r). Let d = 17 - 27. Let n be d/25 - (-32)/5. Calculate v(n).
-1
Let f = 738 + -1529. Let j = f + 789. Let k(d) = 2*d - 3*d - 7*d. Determine k(j).
16
Let c(m) = 19*m - 7*m - 11*m - 11*m - 2 + 12*m. What is c(-9)?
-20
Let z(p) be the first derivative of 10*p**3/3 - p**2/2 - 29499. Let w = 0 + 1. Calculate z(w).
9
Let u = 130 - 123. Let t(r) = -5 - 21*r + 0*r**3 - 6*r**2 + r**3 + 20*r. Determine t(u).
37
Let v(f) = -10*f**2 - 31*f + 18. Let d(c) = -7*c. Let u be d(1). Let s(a) = 3*a**2 + 10*a - 6. Let h(n) = u*s(n) - 2*v(n). What is h(-7)?
13
Let o(w) be the first derivative of -2*w**3/3 + 17*w**2/2 + 31*w + 1009. Calculate o(9).
22
Suppose 79 = o - 2*o - 2*k, 5*k = -20. Let r = o - -63. Let v(n) = -n**3 - 8*n**2 - 4*n - 2. Determine v(r).
30
Let z be -4 + -88 + -4 + 0. Let j = z - -87. Let f = j - -5. Let o(h) = h**2 + 5*h - 3. Determine o(f).
-7
Let y(g) = 2*g + 12. Let j(l) = -l**2 + 9*l - 9. Let n be j(8). Let b be n/(-4) + (-197)/4 - 0. Let q = b - -39. Determine y(q).
-8
Let n(y) = -5*y**3 - 10*y**2 + 2. Let w(z) = -33*z**3 - 59*z**2 + 11. Let m(a) = 13*n(a) - 2*w(a). Let u = -14 - -26. Determine m(u).
4
Suppose -3*l = -6*l + 3, 5*l = -2*o - 3. Let a be ((-1)/o)/(342/48 + -7). Let t(m) = -11*m**2 - 3*m + 3. What is t(a)?
-47
Suppose 15*x + 51 - 171 = 0. Let d(o) = -16 + 0*o + 3*o + 3*o - 5*o. What is d(x)?
-8
Suppose 2*q = 7*q - 5. Let a(w) be the third derivative of w**5/20 - w**4/8 + w**3/3 + 11269*w**2. Determine a(q).
2
Let d(s) = 3*s**2 - 17*s 